{"id":107,"date":"2025-06-29T06:47:56","date_gmt":"2025-06-29T06:47:56","guid":{"rendered":"https:\/\/scoalasoveja.ro\/?page_id=107"},"modified":"2025-06-29T06:49:03","modified_gmt":"2025-06-29T06:49:03","slug":"resurse-materiale","status":"publish","type":"page","link":"https:\/\/scoalasoveja.ro\/index.php\/resurse-materiale\/","title":{"rendered":"Resurse materiale"},"content":{"rendered":"\t\t<div data-elementor-type=\"wp-page\" data-elementor-id=\"107\" class=\"elementor elementor-107\">\n\t\t\t\t\t\t<section class=\"elementor-section elementor-top-section elementor-element elementor-element-7ba57c3 elementor-section-boxed elementor-section-height-default elementor-section-height-default\" data-id=\"7ba57c3\" data-element_type=\"section\">\n\t\t\t\t\t\t<div class=\"elementor-container elementor-column-gap-default\">\n\t\t\t\t\t<div class=\"elementor-column elementor-col-100 elementor-top-column elementor-element elementor-element-0acffd9\" data-id=\"0acffd9\" data-element_type=\"column\">\n\t\t\t<div class=\"elementor-widget-wrap elementor-element-populated\">\n\t\t\t\t\t\t<div class=\"elementor-element elementor-element-fde0bde elementor-widget elementor-widget-text-editor\" data-id=\"fde0bde\" data-element_type=\"widget\" data-widget_type=\"text-editor.default\">\n\t\t\t\t<div class=\"elementor-widget-container\">\n\t\t\t\t\t\t\t\t\t<p>\u0218coala Gimnazial\u0103 din comuna Soveja este construit\u0103 pe dou\u0103 nivele, cu dot\u0103rile necesare: grupuri sanitare interioare, central\u0103 termic\u0103, iluminat corespunz\u0103tor, mobil\u0103 nou\u0103 de calitate foarte satisf\u0103c\u0103toare, etc.<\/p><p>Gr\u0103dini\u021ba cu program normal Dragosloveni este in reabilitare, pre\u0219colarii sunt reloca\u021bi la gr\u0103dini\u021ba cu program normal Ruc\u0103reni. Gr\u0103dini\u021bele func\u021bioneaz\u0103 separat, \u00een s\u0103li de clas\u0103 diferite.<\/p><p>\u00cen \u0218coala Gimnazial\u0103 exist\u0103\u00a0 8 s\u0103li de clas\u0103, 1 laborator IT, cancelarie profesori, cabinet directori, secretariat, sal\u0103 de sport, bibliotec\u0103, grupuri sanitare interioare at\u00e2t la parter c\u00e2t \u0219i la etaj, teren sportiv \u00eemprejmuit cu gard reabilitat \u00een 2024.<\/p><p>S\u0103lile sunt \u00eentre\u021binute \u00eentr-un ambient pl\u0103cut, estetizat \u0219i igienizat corespunz\u0103tor prin spiritul gospod\u0103resc al directorului, oamenilor \u0219colii, etc.<\/p><p>\u00cen anul 2023 a fost amenajat\u0103 sala de sport, necesar\u0103 activit\u0103\u021bilor sportive.<\/p><p>\u0218coala este dotat\u0103 satisf\u0103c\u0103tor cu mobilier modern \u0219i exist\u0103 acces la re\u021beaua de internet.<\/p><p>Grupurile sanitare interioare au fost reabilitate in anul 2021.<\/p><p>Gr\u0103dini\u021ba cu program normal Ruc\u0103reni func\u021bioneaz\u0103 \u00eentr-un spa\u021biu amenajat corespunz\u0103tor.<\/p><p>Anul \u0219colar <strong>2023-2024<\/strong>, resurse educa\u021bionale: \u0219coala are \u00een dotare plan\u0219e, h\u0103r\u021bi, aparate de proiec\u021bie, televizoare, fax,\u00a0 copiatoare, imprimante, tabl\u0103 interactiva, echipamente sportive, etc. S\u0103lile de clas\u0103 sunt dotate cu videoproiectoare. Exist\u0103 un laborator de informatic\u0103, nou-\u00eenfiin\u021bat prin proiectul Educa\u021bie Digital\u0103 \u00een Comunitatea Rural\u0103 (din cadrul D\u0103m Click pe Rom\u00e2nia \u2013 Ateliere f\u0103r\u0103 Frontiere) cu 15 calculatoare. Comunitatea \u0219colar\u0103 resimte lipsa unui specialist informatician. Biblioteca \u0218colar\u0103 are un num\u0103r de aproximativ 6000 de volume.<\/p><p>\u00cen anul \u0219colar <strong>2024-2025<\/strong>, prin PNRR, \u0219coala a fost dotat\u0103 cu mobilier nou, table interactive, laptop \u0219i imprimante \u00een fiecare sal\u0103 de clas\u0103. Laboratorul de TIC a fost de asemenea reabilitat; \u00een locul PC-urilor cu unitate, se reg\u0103sesc acum sisteme All-in-One, tabl\u0103 interactiv\u0103, imprimant\u0103, scaner, microfoane, aparate foto, difuzioare audio, laptop.<\/p>\t\t\t\t\t\t\t\t<\/div>\n\t\t\t\t<\/div>\n\t\t\t\t\t<\/div>\n\t\t<\/div>\n\t\t\t\t\t<\/div>\n\t\t<\/section>\n\t\t\t\t<\/div>\n\t\t","protected":false},"excerpt":{"rendered":"<p>\u0218coala Gimnazial\u0103 din comuna Soveja este construit\u0103 pe dou\u0103 nivele, cu dot\u0103rile necesare: grupuri sanitare interioare, central\u0103 termic\u0103, iluminat corespunz\u0103tor, mobil\u0103 nou\u0103 [&hellip;]<\/p>\n","protected":false},"author":1,"featured_media":0,"parent":0,"menu_order":0,"comment_status":"closed","ping_status":"closed","template":"","meta":{"ngg_post_thumbnail":0,"footnotes":""},"categories":[],"tags":[],"class_list":["post-107","page","type-page","status-publish","hentry"],"yoast_head":"<!-- This site is optimized with the Yoast SEO plugin v25.3.1 - https:\/\/yoast.com\/wordpress\/plugins\/seo\/ -->\n<title>Resurse materiale - \u0218coala Gimnazial\u0103 &quot;Simion Mehedin\u021bi&quot; - Soveja<\/title>\n<meta name=\"robots\" content=\"index, follow, max-snippet:-1, max-image-preview:large, max-video-preview:-1\" \/>\n<link rel=\"canonical\" href=\"https:\/\/scoalasoveja.ro\/index.php\/resurse-materiale\/\" \/>\n<meta property=\"og:locale\" content=\"ro_RO\" \/>\n<meta property=\"og:type\" content=\"article\" \/>\n<meta property=\"og:title\" content=\"Resurse materiale - \u0218coala Gimnazial\u0103 &quot;Simion Mehedin\u021bi&quot; - Soveja\" \/>\n<meta property=\"og:description\" content=\"\u0218coala Gimnazial\u0103 din comuna Soveja este construit\u0103 pe dou\u0103 nivele, cu dot\u0103rile necesare: grupuri sanitare interioare, central\u0103 termic\u0103, iluminat corespunz\u0103tor, mobil\u0103 nou\u0103 [&hellip;]\" \/>\n<meta property=\"og:url\" content=\"https:\/\/scoalasoveja.ro\/index.php\/resurse-materiale\/\" \/>\n<meta property=\"og:site_name\" content=\"\u0218coala Gimnazial\u0103 &quot;Simion Mehedin\u021bi&quot; - Soveja\" \/>\n<meta property=\"article:modified_time\" content=\"2025-06-29T06:49:03+00:00\" \/>\n<meta name=\"twitter:card\" content=\"summary_large_image\" \/>\n<meta name=\"twitter:label1\" content=\"Timp estimat pentru citire\" \/>\n\t<meta name=\"twitter:data1\" content=\"2 minute\" \/>\n<script type=\"application\/ld+json\" class=\"yoast-schema-graph\">{\"@context\":\"https:\/\/schema.org\",\"@graph\":[{\"@type\":\"WebPage\",\"@id\":\"https:\/\/scoalasoveja.ro\/index.php\/resurse-materiale\/\",\"url\":\"https:\/\/scoalasoveja.ro\/index.php\/resurse-materiale\/\",\"name\":\"Resurse materiale - \u0218coala Gimnazial\u0103 &quot;Simion Mehedin\u021bi&quot; - Soveja\",\"isPartOf\":{\"@id\":\"http:\/\/scoalasoveja.ro\/#website\"},\"datePublished\":\"2025-06-29T06:47:56+00:00\",\"dateModified\":\"2025-06-29T06:49:03+00:00\",\"breadcrumb\":{\"@id\":\"https:\/\/scoalasoveja.ro\/index.php\/resurse-materiale\/#breadcrumb\"},\"inLanguage\":\"ro-RO\",\"potentialAction\":[{\"@type\":\"ReadAction\",\"target\":[\"https:\/\/scoalasoveja.ro\/index.php\/resurse-materiale\/\"]}]},{\"@type\":\"BreadcrumbList\",\"@id\":\"https:\/\/scoalasoveja.ro\/index.php\/resurse-materiale\/#breadcrumb\",\"itemListElement\":[{\"@type\":\"ListItem\",\"position\":1,\"name\":\"Home\",\"item\":\"https:\/\/scoalasoveja.ro\/\"},{\"@type\":\"ListItem\",\"position\":2,\"name\":\"Resurse materiale\"}]},{\"@type\":\"WebSite\",\"@id\":\"http:\/\/scoalasoveja.ro\/#website\",\"url\":\"http:\/\/scoalasoveja.ro\/\",\"name\":\"\u0218coala Gimnazial\u0103 &quot;Simion Mehedin\u021bi&quot; - Soveja\",\"description\":\"\",\"potentialAction\":[{\"@type\":\"SearchAction\",\"target\":{\"@type\":\"EntryPoint\",\"urlTemplate\":\"http:\/\/scoalasoveja.ro\/?s={search_term_string}\"},\"query-input\":{\"@type\":\"PropertyValueSpecification\",\"valueRequired\":true,\"valueName\":\"search_term_string\"}}],\"inLanguage\":\"ro-RO\"}]}<\/script>\n<!-- \/ Yoast SEO plugin. -->","yoast_head_json":{"title":"Resurse materiale - \u0218coala Gimnazial\u0103 &quot;Simion Mehedin\u021bi&quot; - Soveja","robots":{"index":"index","follow":"follow","max-snippet":"max-snippet:-1","max-image-preview":"max-image-preview:large","max-video-preview":"max-video-preview:-1"},"canonical":"https:\/\/scoalasoveja.ro\/index.php\/resurse-materiale\/","og_locale":"ro_RO","og_type":"article","og_title":"Resurse materiale - \u0218coala Gimnazial\u0103 &quot;Simion Mehedin\u021bi&quot; - Soveja","og_description":"\u0218coala Gimnazial\u0103 din comuna Soveja este construit\u0103 pe dou\u0103 nivele, cu dot\u0103rile necesare: grupuri sanitare interioare, central\u0103 termic\u0103, iluminat corespunz\u0103tor, mobil\u0103 nou\u0103 [&hellip;]","og_url":"https:\/\/scoalasoveja.ro\/index.php\/resurse-materiale\/","og_site_name":"\u0218coala Gimnazial\u0103 &quot;Simion Mehedin\u021bi&quot; - Soveja","article_modified_time":"2025-06-29T06:49:03+00:00","twitter_card":"summary_large_image","twitter_misc":{"Timp estimat pentru citire":"2 minute"},"schema":{"@context":"https:\/\/schema.org","@graph":[{"@type":"WebPage","@id":"https:\/\/scoalasoveja.ro\/index.php\/resurse-materiale\/","url":"https:\/\/scoalasoveja.ro\/index.php\/resurse-materiale\/","name":"Resurse materiale - \u0218coala Gimnazial\u0103 &quot;Simion Mehedin\u021bi&quot; - Soveja","isPartOf":{"@id":"http:\/\/scoalasoveja.ro\/#website"},"datePublished":"2025-06-29T06:47:56+00:00","dateModified":"2025-06-29T06:49:03+00:00","breadcrumb":{"@id":"https:\/\/scoalasoveja.ro\/index.php\/resurse-materiale\/#breadcrumb"},"inLanguage":"ro-RO","potentialAction":[{"@type":"ReadAction","target":["https:\/\/scoalasoveja.ro\/index.php\/resurse-materiale\/"]}]},{"@type":"BreadcrumbList","@id":"https:\/\/scoalasoveja.ro\/index.php\/resurse-materiale\/#breadcrumb","itemListElement":[{"@type":"ListItem","position":1,"name":"Home","item":"https:\/\/scoalasoveja.ro\/"},{"@type":"ListItem","position":2,"name":"Resurse materiale"}]},{"@type":"WebSite","@id":"http:\/\/scoalasoveja.ro\/#website","url":"http:\/\/scoalasoveja.ro\/","name":"\u0218coala Gimnazial\u0103 &quot;Simion Mehedin\u021bi&quot; - Soveja","description":"","potentialAction":[{"@type":"SearchAction","target":{"@type":"EntryPoint","urlTemplate":"http:\/\/scoalasoveja.ro\/?s={search_term_string}"},"query-input":{"@type":"PropertyValueSpecification","valueRequired":true,"valueName":"search_term_string"}}],"inLanguage":"ro-RO"}]}},"_links":{"self":[{"href":"https:\/\/scoalasoveja.ro\/index.php\/wp-json\/wp\/v2\/pages\/107","targetHints":{"allow":["GET"]}}],"collection":[{"href":"https:\/\/scoalasoveja.ro\/index.php\/wp-json\/wp\/v2\/pages"}],"about":[{"href":"https:\/\/scoalasoveja.ro\/index.php\/wp-json\/wp\/v2\/types\/page"}],"author":[{"embeddable":true,"href":"https:\/\/scoalasoveja.ro\/index.php\/wp-json\/wp\/v2\/users\/1"}],"replies":[{"embeddable":true,"href":"https:\/\/scoalasoveja.ro\/index.php\/wp-json\/wp\/v2\/comments?post=107"}],"version-history":[{"count":7,"href":"https:\/\/scoalasoveja.ro\/index.php\/wp-json\/wp\/v2\/pages\/107\/revisions"}],"predecessor-version":[{"id":114,"href":"https:\/\/scoalasoveja.ro\/index.php\/wp-json\/wp\/v2\/pages\/107\/revisions\/114"}],"wp:attachment":[{"href":"https:\/\/scoalasoveja.ro\/index.php\/wp-json\/wp\/v2\/media?parent=107"}],"wp:term":[{"taxonomy":"category","embeddable":true,"href":"https:\/\/scoalasoveja.ro\/index.php\/wp-json\/wp\/v2\/categories?post=107"},{"taxonomy":"post_tag","embeddable":true,"href":"https:\/\/scoalasoveja.ro\/index.php\/wp-json\/wp\/v2\/tags?post=107"}],"curies":[{"name":"wp","href":"https:\/\/api.w.org\/{rel}","templated":true}]}}